 w(z) = 35*z**2 - 19*z - 1. Let c(o) = 16*o**2 - 9*o. Let q(f) = -9*c(f) + 4*w(f). Give q(3).
-25
Let u = -1751 - -1755. Let d(w) = -w. Let a(c) = -c**3 + 3*c**2 + 5*c - 5. Let y(r) = -a(r) + 2*d(r). Calculate y(u).
-7
Let w(y) = 11*y + 24. Suppose 22 = -2*c - 4*t, -4*t - 10 = -2*c - 0*c. What is w(c)?
-9
Suppose 4*p - 2*a - 26 = 0, -15*p = -12*p - 3*a - 24. Let x(g) = 7*g - 39. Give x(p).
-4
Suppose -6*y - 29 = -65. Let b(r) = -2*r**3 + 11*r**2 + 4*r + 5. Give b(y).
-7
Suppose 59*v = -5*g + 57*v + 11, 0 = g - 5*v + 14. Let f(n) = -23*n**3 - 2*n**2 + 1. What is f(g)?
-24
Let l(a) = -7*a - 6*a**2 + 7*a**2 - 16 + 12*a**2. Let c(g) = 3*g**2 - 2*g - 4. Let u(q) = 9*c(q) - 2*l(q). Calculate u(4).
-4
Let x(g) = 23246*g - 8 - 23248*g - 10 - g**3. Determine x(0).
-18
Let f(u) = -u**3 + 7*u**2 - 3*u + 6. Suppose -788*z + 782*z = -24. Determine f(z).
42
Suppose -c + 0*c + 15 = 5*p, -4*c + 16 = -2*p. Let t(s) = s**2 - 3 + 9*s + 1 - p. Determine t(-9).
-4
Let r be (-2)/(-4) - (-4)/(-8). Suppose s - 4*f - 14 = r, 2*f - f + 3 = 0. Let a(n) be the third derivative of -n**5/60 + n**4/8 - n**3/3 - 4*n**2. Give a(s).
0
Suppose -3*h + 6*h = -33. Let b(v) = v + 10. Calculate b(h).
-1
Let z(a) = 2*a - 3. Suppose -j = -2*j + 3. Let l be z(j). Let q(v) = -v - 3 - v**3 - 2*v + l*v - 2*v + 6*v**2. Calculate q(6).
-15
Suppose -90 = -12*d - 198. Let s(y) = -y**2 - 10*y - 8. Give s(d).
1
Let x be (10 + -1)*(-10)/(-6). Suppose -22*f = -17*f - x. Let q(k) = -k**3 + 5*k**2 - 4*k. What is q(f)?
6
Suppose 2*x = 4*p + 3*x - 21, -x = -2*p + 9. Let z(b) be the first derivative of -b**3/3 + 7*b**2/2 - 6*b + 2. Determine z(p).
4
Let d(p) = p**2 - 2*p. Let f(m) = -5*m**2 + 3*m + 7. Let n(y) = -6*d(y) - f(y). Determine n(7).
7
Suppose 5*b + 24 = -36. Let l = b - -8. Let d(g) = -g**3 - 2 - 5*g**2 + 4*g + 3*g**2 - 2*g**2 - 6*g. Determine d(l).
6
Suppose -4 - 2 = 2*g. Let c(v) = -2*v - 7*v + v + 2*v - 4 - v**2. Calculate c(g).
5
Let i = -194 - -187. Let z(c) = c**3 + 6*c**2 - 9*c - 7. Calculate z(i).
7
Let b(d) be the second derivative of -d**4/12 + 7*d**3/6 - 3*d**2/2 + 29*d + 2. What is b(8)?
-11
Let p(w) = -w - 1. Let s be (1/2)/((-9)/(-90)). Suppose -i = -5*i. Suppose s*k = t + 33, i = -2*t + 6*t + 12. Give p(k).
-7
Let g = -2 + 5. Let z(w) be the second derivative of w**4/12 - w**3/3 - 3*w**2/2 + 28*w + 27. Calculate z(g).
0
Let f(l) = -4*l**3 + l. Suppose -19 - 5 = -4*k. Suppose 2*n = -0*n + k. Let c be (-18)/n*2/(-12). Calculate f(c).
-3
Let p(h) = -5*h - 11. Let i = 18 + -9. Let k(u) = 3*u - 7*u - i - 7 + 6. Let f(j) = 6*k(j) - 5*p(j). Give f(-4).
-9
Let s(x) = 2*x + 24. Let b be s(-12). Let z(f) = -111 + 229 - f - 117. Determine z(b).
1
Let w(s) = -3*s**2 + 2*s - 3. Let k(l) = -5*l**2 + 4*l - 6. Let y(h) = -6*k(h) + 11*w(h). Suppose 0 = 2*v, 4*v - 5*v + 10 = 5*z. Determine y(z).
-13
Let u(o) be the second derivative of o**3/6 + 11*o**2/2 + 2*o + 284. What is u(-6)?
5
Let a(p) = -p**2 - p + 3. Let y = -17 - -18. Let q = y - -2. Suppose 0 = -o - q*o. Determine a(o).
3
Let q(o) = -o**2 + 10*o - 2. Suppose 13*y = -18 + 148. Give q(y).
-2
Let a(v) = 8*v + 7. Let b(o) = 3*o + 8. Let c(z) = 0 - 9 - 10 + 3 - 7*z. Let j(n) = 11*b(n) + 6*c(n). Let u(y) = -6*a(y) - 5*j(y). Calculate u(-2).
4
Let l(i) = -i**2 + 19*i - 19. Let c be l(18). Let z be (0 - -1)*(5 - c). Let y(p) = p**2 - 4*p - 7. Determine y(z).
5
Let t(j) = -j**3 + 2*j**2 + 5*j - 3. Let d be t(3). Let w(z) be the second derivative of -1/12*z**4 + 0 - 3/2*z**2 + 7/6*z**3 + 6*z. Calculate w(d).
9
Let i(z) = z**3 - 15*z**2 - 17*z + 19. Let w = 989 - 973. Calculate i(w).
3
Let w(q) = q**3 - 12*q**2 + 2*q + 4. Let r(g) = -g**3 + 10*g**2 - 2*g - 3. Let u(a) = 7*r(a) + 6*w(a). What is u(2)?
-17
Suppose 7*j = 4*j + 9. Let t(w) = -2*w**3 - 3*w - 2*w - 4*w**j - 6*w**2 + 2 + 5*w**3. Give t(-5).
2
Let b(q) = -4 + q + 0*q + q. Let n = 21 - 41. Let t = 16 + n. Determine b(t).
-12
Suppose -2*q + 1 = -5. Let z(u) = -4*u**2 + 2*u**2 + q*u**2 + 4*u - 9*u - 6. Let i(l) = -2*l**2 - 21*l - 3. Let h be i(-10). Give z(h).
8
Let y(l) = -45*l**2 + 125*l + 34. Let s(f) = 16*f**2 - 44*f - 12. Let n(o) = 17*s(o) + 6*y(o). Suppose 2*r + 1 = 3*t, 0 = t + t - 2*r - 4. Determine n(t).
12
Let c(m) = 16 + 13*m**2 - 17*m - 9*m**2 - 3*m**2. Let l be c(16). Suppose l = -5*u - 0*u + 10. Let t(y) = -2*y**2 + 2*y - 3. Give t(u).
-7
Let s(f) = -f**3 + 8*f**2 - 7*f - 1. Let x = 70 - 63. Calculate s(x).
-1
Let f(u) = -17*u + 171. Let q be f(9). Let p(o) = -o**3 + 18*o**2 + o - 26. Give p(q).
-8
Let s(b) = -2*b**2 + 5*b - 5. Let r = -16 + 19. Suppose -r*p - 1 = -13. Calculate s(p).
-17
Let u be (1/(-3))/((-3)/117). Let w(r) = -r - u - 16 + 23. Let n = 0 + 0. Give w(n).
-6
Let w(t) = 1 + 3*t**2 - 2*t**2 - 6 + 4*t - 1. Determine w(-6).
6
Let j(h) = -6*h + 48. Let x(p) = -3*p**2 - 31*p - 1. Let n be x(-10). Determine j(n).
-6
Let l(i) = 6 - 5*i**2 - 12*i**2 + i**3 - 4*i**2 + 14*i**2. What is l(7)?
6
Let k(z) = z - 9 - 4 + 5. Let p be k(7). Let w(r) be the second derivative of -2*r**3/3 - r**2/2 - r. Determine w(p).
3
Let v(i) be the first derivative of -i**3/3 - 9*i**2/2 - 15*i - 132. Determine v(-4).
5
Let m(v) = -v**2 + 2*v + 2. Suppose 16 = 2*r - 2*b, -2*r - 2*b + 61 = 3*r. Suppose 7*f - 52 = r*f. Let x = 17 + f. Calculate m(x).
-6
Let h(y) = -3*y**2 - 6*y - 2. Let j(s) = 2*s**2 + s. Let w(v) = h(v) + j(v). Determine w(-3).
4
Suppose 0 = -5*m - 15 + 5. Let z(u) = -3*u**2 - 3. Let f(c) = -2*c**2 - 1. Let k be ((0 - 3) + 1)*15/(-6). Let h(g) = k*f(g) + m*z(g). What is h(2)?
-15
Let f(g) = g + 3. Let r be f(-10). Let z(h) = -h**2 - 7*h - 19. Let i(q) = 2. Let c(n) = -5*i(n) - z(n). Determine c(r).
9
Let f(m) = 7*m - 2. Let r(u) = 13*u - 5. Let p(c) = 7*f(c) - 4*r(c). Let l(w) = -w**3 - 30*w**2 + 26*w - 151. Let a be l(-31). Calculate p(a).
-6
Let y(h) = -h**3 + 7*h**2 - 8*h + 7. Let g = 573 - 568. Calculate y(g).
17
Let b(f) = 2*f**2 + 2*f + 1. Let v = 114 + -67. Let l = v + -50. Determine b(l).
13
Let u(d) = d**3 - 13*d**2 + 13*d - 19. Suppose a - 3*v = 18, 4*a + 0*a - 38 = -5*v. Give u(a).
-7
Let c(q) be the second derivative of q**3/6 + 5*q**2 - 106*q. Let w be (-1 - -2)/(1/1). Let p be (0 + -1)/w*5. What is c(p)?
5
Let x(g) = g**3 - 6*g**2 - 2*g - 2. Let m = 1025 + -1019. What is x(m)?
-14
Let b(q) be the first derivative of -2*q - 3*q**2 - 6 - 1/3*q**3. Let h be b(-6). Let u(r) = 3*r + 3. Calculate u(h).
-3
Let i = -121 - -132. Let o(m) = 14*m**2 + 13*m - 11. Let c(l) be the first derivative of 5*l**3/3 + 2*l**2 - 4*l - 1. Let k(y) = i*c(y) - 4*o(y). Give k(-6).
12
Let t(c) be the first derivative of c**3/3 + c**2/2 - 1. Let x(q) = 18*q**2 - 73*q + 3. Let o be x(4). Let y be t(o). Let a(i) = i**2 - i - 3. What is a(y)?
-3
Let n(w) be the second derivative of w**4/12 + w**3/6 + w**2 - 4*w. Let d be n(0). Let v(g) = -d*g - 11 - 2*g**2 - 4 + 17. Calculate v(-2).
-2
Let n(i) = i + 4. Let u(q) = -q - 2. Let w(r) = 3*n(r) + 7*u(r). Calculate w(-1).
2
Let i(t) = -t**2 + 5*t - 5. Suppose -5*f + 3*h + 2*h + 20 = 0, 0 = 4*f - 3*h - 15. Determine i(f).
1
Let q(b) = -b**2 + 9*b - 11. Let u = -97 + 101. Suppose -p - p + 22 = 4*h, -h = -u*p - 28. Calculate q(h).
-3
Let z be (-5 - -7)*(-1)/(-1). Let v(k) = 14*k**2 - 10*k**2 - 5*k**z + 2*k. Suppose -4*r = -p + 15 + 5, -2*r = -2*p + 16. What is v(p)?
-8
Let u(n) = -2*n**3 + 13*n**2 - 16*n + 52. Let x be u(6). Let i(m) = 2*m - 32. Let f(o) = o - 13. Let y(p) = -12*f(p) + 5*i(p). Calculate y(x).
12
Let z(w) = w**2 + 5. Let f be 1/3 + (-33)/(-9). Suppose 2*b + f = n - 0, 3*b = -5*n + 20. Give z(b).
5
Suppose 897 = 4*m + 945. Let j(p) = 2*p + 35. What is j(m)?
11
Let q = 3 - 1. Let y(c) = -3*c**3 + 4*c**2 - 2*c - 2. Let v be y(q). Let b = v - -8. Let g(w) = w**2 + 5*w. Give g(b).
6
Let s(u) = u**2 + 8*u + 4. Let z be 6/1*(0 + (-16)/(-24)). Suppose -4*o = z*o + 64. Calculate s(o).
4
Let w(o) = -o**2 - o - 11. Suppose 0 = -28*c + 6*c. Determine w(c).
-11
Let w(d) = d**3 - 5*d**2 + 6. Let f(h) = -2*h**2 - 17*h - 16. Let j be f(-7). Determine w(j).
6
Let l(r) = -5*r - 1. Let q(x) = 14*x + 3. Let g(y) = 17*l(y) + 6*q(y). Suppose 7*z = z + 30. Suppose -4*s = -z*s - 2. Calculate g(s).
3
Let y(n) = 5869*n**2 - 5873*n**2 - 1 + 6*n - n**3 + 4 - 1. Calculate y(-5).
-3
Let n(z) be the second derivative of -5/12*z**4 - 1/20*z**5 + 2/3*z**3 - 20*z